ive y(3).
5
Let t(d) = d**2 + 6*d + 4. Give t(-2).
-4
Let i(g) = -18*g + 71. Determine i(4).
-1
Let g(o) = -o - 13. Give g(-6).
-7
Let k(b) = 80*b + 2. Calculate k(2).
162
Let t(u) = -10*u - 7. What is t(-9)?
83
Let d(a) = 3*a + 2. What is d(7)?
23
Let c(i) = -i**3 + 13*i**2 + 15*i - 6. What is c(14)?
8
Let n(u) = -2*u - 7. Determine n(2).
-11
Let n(s) = s**2 - 15*s + 13. Calculate n(11).
-31
Let a(n) = -n**2 + 2*n + 9. Give a(7).
-26
Let o(l) = -l**2 + 51. Give o(-7).
2
Let b(t) = 17*t - 169. Determine b(10).
1
Let g(k) = 20*k**3 - k. What is g(1)?
19
Let w(a) = a**3 + 3*a**2 - 4*a - 5. Give w(-5).
-35
Let w(f) = -8*f - 14. Give w(-2).
2
Let z(p) = -p**2 + 7*p - 21. Give z(3).
-9
Let x(i) = -29*i - 16. Determine x(3).
-103
Let c(l) = -5*l + 1. What is c(2)?
-9
Let y(o) = -4*o**2 + 54*o - 24. Determine y(13).
2
Let w(b) = -b**3 + 13*b**2 + 11*b + 12. Give w(14).
-30
Let r(o) = -2*o**2 - 57*o + 36. Determine r(-29).
7
Let l(s) = 3*s - 11. What is l(7)?
10
Let g(w) = -w**3 - 7*w**2 - 2*w + 2. Give g(0).
2
Let c(n) = 2*n + 7. Determine c(-13).
-19
Let i(z) = -5*z**2 + 2*z + 1. What is i(3)?
-38
Let o(l) = 3*l - 11. Give o(2).
-5
Let u(d) = 4*d**2 + 7. Give u(-3).
43
Let q(o) = 2*o**2 - 17*o - 37. Calculate q(11).
18
Let l(u) = 11*u + 157. What is l(-15)?
-8
Let j(h) = h + 15. Calculate j(-7).
8
Let k(v) = -v**2 - 3*v + 10. Give k(6).
-44
Let s(i) = -i**3 - 9*i**2 - 12*i + 3. Determine s(-7).
-11
Let f(o) = 4*o**2 - 12*o - 3. Calculate f(4).
13
Let t(z) = 2*z**3 - 13*z**2 + 8*z - 3. Give t(3).
-42
Let z(k) = -6*k**2 + 2*k - 3. Determine z(1).
-7
Let j(a) = -5*a**2 + 3*a + 3. What is j(-2)?
-23
Let c(j) = -j**2 + 20*j + 15. Give c(21).
-6
Let k(j) = -j**2 - 15*j + 40. What is k(-18)?
-14
Let n(g) = -2*g**2 - 3*g + 9. What is n(-5)?
-26
Let g(n) = 15*n - 88. Give g(7).
17
Let b(l) = l**2 + 28*l + 154. What is b(-21)?
7
Let k(u) = -u**3 - 4*u**2 + 2*u - 1. Calculate k(-5).
14
Let f(w) = -10*w**2 + 4*w + 13. What is f(-3)?
-89
Let q(n) = 35*n - 4. Determine q(3).
101
Let f(y) = 4*y**2 + 22*y + 10. Determine f(-6).
22
Let g(v) = -v**3 - 7*v**2 - 3*v - 16. What is g(-7)?
5
Let l(m) = -m**3 - 8*m**2 - 8*m + 2. Give l(-7).
9
Let q(v) = 2*v**2 + 9*v + 9. Give q(-6).
27
Let s(t) = t**2 + 26*t + 81. Give s(-19).
-52
Let a(b) = -37*b + 28. Give a(3).
-83
Let u(c) = -14*c**2 + 4*c - 6. Calculate u(3).
-120
Let c(h) = -h - 4. What is c(3)?
-7
Let v(i) = -i + 18. Determine v(12).
6
Let p(v) = v**3 - 3*v**2 - 2*v + 8. Give p(3).
2
Let y(t) = t**3 + 14*t**2 - 5*t - 13. Determine y(-14).
57
Let h(l) = -l**3 - 11*l**2 - 7*l + 23. Determine h(-10).
-7
Let z(y) = -3*y**2 - 131*y - 91. Calculate z(-43).
-5
Let b(f) = -33*f - 31. What is b(4)?
-163
Let h(v) = -v**3 + 5*v**2 + 22*v - 15. Give h(8).
-31
Let z(f) = -f + 3. What is z(10)?
-7
Let o(z) = 6*z + 87. Calculate o(-15).
-3
Let a(m) = -7*m + 1. What is a(-3)?
22
Let d(w) = -7*w**2 - 60*w - 37. Calculate d(-8).
-5
Let r(f) = 3*f**2 - 9*f + 8. Give r(5).
38
Let t(q) = 12*q - 18. Calculate t(4).
30
Let d(f) = f**2 - 15*f + 62. Give d(6).
8
Let b(s) = -7*s + 1. Determine b(-6).
43
Let h(f) = f**2 - 20*f + 16. Calculate h(19).
-3
Let i(t) = t + 5. Give i(-10).
-5
Let v(h) = 3*h + 18. Give v(-10).
-12
Let n(q) = -24*q - 6. What is n(-3)?
66
Let j(p) = -4*p**3 - 3*p**2 + 3*p + 3. What is j(-1)?
1
Let a(u) = 3*u**2 - 7*u - 84. Determine a(-7).
112
Let z(b) = b - 4. What is z(-4)?
-8
Let d(h) = -35*h**3 + 19*h**2 - 18*h. Give d(1).
-34
Let j(d) = d**3 + 2*d**2 - 6*d - 11. Give j(-4).
-19
Let i(r) = -59*r - 350. Determine i(-6).
4
Let m(y) = -11*y - 4. Give m(-2).
18
Let t(o) = -9*o + 3. Determine t(1).
-6
Let z(r) = r**2 - 10*r + 19. Determine z(9).
10
Let v(o) = o**2 - 13*o + 15. Give v(11).
-7
Let l(v) = 3*v + 22. Determine l(-9).
-5
Let r(z) = -z**3 + z**2 - z + 14. Calculate r(4).
-38
Let y(z) = 3*z + 11. What is y(-9)?
-16
Let f(p) = -4*p**2 + 89*p - 32. Calculate f(22).
-10
Let j(a) = a + 9. Determine j(-4).
5
Let v(l) = 3*l + 87. Give v(-28).
3
Let l(s) = s**3 - 7*s + 7. Determine l(2).
1
Let o(w) = -w**2 + 62*w - 733. What is o(16)?
3
Let j(v) = 2*v - 6. Determine j(8).
10
Let u(v) = v**2 + 68*v - 439. Calculate u(6).
5
Let g(h) = 5*h - 10. Calculate g(14).
60
Let t(h) = -2*h**2 - 2*h + 3. What is t(2)?
-9
Let g(j) = j**2 - 11*j + 31. Calculate g(6).
1
Let i(q) = 46*q + 127. Give i(-3).
-11
Let y(j) = j**2 - 13*j + 13. Determine y(11).
-9
Let v(t) = -12*t**3 + 2*t**2 + 4*t + 1. Give v(-1).
11
Let v(l) = 16*l**2 - 143*l - 14. Calculate v(9).
-5
Let g(v) = -74*v**2 + 4*v - 4. Calculate g(1).
-74
Let h(m) = -m**3 + 2*m**2 - m - 2. What is h(2)?
-4
Let i(f) = -21*f. Calculate i(-2).
42
Let f(v) = -2*v**2 - v - 14. Calculate f(2).
-24
Let h(o) = 3*o - 87. Give h(7).
-66
Let w(a) = -a**2 - 71*a - 957. What is w(-53)?
-3
Let g(w) = -4*w**3 + w**2 + 4*w + 3. What is g(-1)?
4
Let v(p) = p**2 - 25*p + 25. Give v(24).
1
Let w(n) = -2*n**2 - n - 2. What is w(2)?
-12
Let f(k) = -24*k**3 - k**2 - 8*k - 7. Determine f(-1).
24
Let b(t) = t**2 - 8*t - 11. What is b(8)?
-11
Let n(l) = 6*l**2 - 512*l + 168. Give n(85).
-2
Let u(h) = -13*h + 5. Calculate u(0).
5
Let h(p) = 3*p + 118. Give h(-40).
-2
Let i(b) = -12*b**2 + 5*b - 4. Determine i(1).
-11
Let c(o) = 5*o + 107. Determine c(-14).
37
Let y(o) = o**3 - 8*o**2 + 11*o + 7. Determine y(6).
1
Let n(c) = c**3 - 7*c**2 + 2*c - 5. What is n(7)?
9
Let a(q) = q**2 - 11*q + 8. Give a(7).
-20
Let d(f) = f**3 - 13*f**2 + 11*f - 13. Give d(12).
-25
Let p(l) = -5*l + 2. Determine p(-3).
17
Let g(o) = o**2 - 115*o + 544. What is g(5)?
-6
Let s(t) = -t**2 + 2*t + 12. Determine s(-7).
-51
Let u(f) = f**2 - 56*f + 781. What is u(28)?
-3
Let c(u) = -19*u**3. Determine c(-1).
19
Let l(g) = 4*g**2 + 7*g - 4. Determine l(-3).
11
Let p(c) = 13*c - 2. What is p(-4)?
-54
Let q(h) = -h - 30. Determine q(-11).
-19
Let n(h) = -23*h**3 + h. Calculate n(1).
-22
Let b(q) = -9*q**2 - q. Determine b(1).
-10
Let t(j) = -3*j - 3. Determine t(6).
-21
Let m(y) = 26*y + 33. Determine m(-1).
7
Let k(m) = -90*m + 2786. Give k(31).
-4
Let w(s) = -3*s**3 - 3*s**2 + 5*s - 21. Determine w(3).
-114
Let p(k) = k**3 - 4*k**2 - 7*k - 12. What is p(6)?
18
Let q(w) = w**3 - 39*w**2 - 37*w - 125. Give q(40).
-5
Let f(j) = -j**3 - 3*j**2 - j + 7. Calculate f(3).
-50
Let c(r) = -8*r - 64. Give c(-6).
-16
Let w(l) = l**3 + 5*l**2 - 2*l - 8. Calculate w(-6).
-32
Let t(d) = -d**2 + 14*d + 9. What is t(14)?
9
Let u(q) = -q**3 + 11*q**2 - 32*q + 27. Determine u(7).
-1
Let i(v) = -34*v + 124. Calculate i(3).
22
Let d(o) = 2*o**3 + 6*o**2 - o + 5. Determine d(-5).
-90
Let s(y) = 2*y**2 - 25*y + 3. What is s(10)?
-47
Let y(g) = 35*g - 180. Determine y(5).
-5
Let b(y) = 106*y - 1595. Determine b(15).
-5
Let d(l) = l**2 - l - 103. Give d(0).
-103
Let u(w) = w**3 + 7*w**2 + 2*w + 7. Calculate u(-4).
47
Let b(p) = -2*p**3 - 55*p**2 + 27*p - 40. Give b(-28).
-12
Let a(f) = f**2 + 9*f - 3. Calculate a(-9).
-3
Let g(q) = -q**2 - 3*q + 20. Determine g(3).
2
Let c(j) = j**2 + 5*j + 5. What is c(-4)?
1
Let g(q) = -2*q**2 - 8*q + 6. Calculate g(-7).
-36
Let o(c) = -c**3 - 4*c**2 + 2*c + 2. What is o(-3)?
-13
Let u(y) = -y**2 - 3. Determine u(3).
-12
Let h(v) = v**3 + 13*v**2 + 18*v + 18. What is h(-12)?
-54
Let z(r) = -4*r + 49. Calculate z(13).
-3
Let n(u) = 20*u + 39. Give n(-2).
-1
Let x(n) = 7*n - 108. What is x(14)?
-10
Let i(z) = -z**2 - 12*z - 7. What is i(-10)?
13
Let o(y) = -4*y**2 + 12. What is o(-2)?
-4
Let f(g) = g**2 + g + 1. Calculate f(4).
21
Let h(n) = 2*n + 8. Give h(-4).
0
Let t(d) = d**3 + 2*d**2 + 2. Give t(-2).
2
Let b(s) = 2*s + 2. What is b(-7)?
-12
Let t(h) = -h**3 - 24*h**2 - 85*h - 86. Give t(-20).
14
Let x(z) = -5*z**2 - 11*z - 9. Determine x(-2).
-7
Let n(b) = 3*b**2 + 20*b + 24. What is n(-5)?
-1
Let z(k) = 7*k - 2. What is z(1)?
5
Let g(y) = -3*y + 12. What is g(14)?
-30
Let x(n) = 2*n**2 - 10. What is x(3)?
8
Let c(s) = s**3 + 17*s**2 - 7*s + 7. Calculate c(-17).
126
Let h(y) = -4*y - 6. What is h(-3)?
6
Let i(k) = 2*k**2 + 2*k - 16. What is i(0)?
-16
Let s(k) = k**2 - 20*k - 32. Determine s(21).
-11
Let f(n) = -n**2 - 11*n + 33. Give f(2).
7
Let c(j) = -2*j - 57. What is c(-25)?
-7
Let b(g) = -3*g + 3. Determine b(3).
-6
Let s(g) = -39*g + 7. Determine s(3).
-110
Let x(z) = -z**3 - 5*z**2 + 10*z + 3. Calculate x(